
What is 1121551 (base 6) in base 13?
201c4
-1578a1 (base 14) to base 5
-143011241
What is -404945 (base 10) in base 13?
-112418
What is -607062 (base 11) in base 6?
-32525031
Convert 1612044 (base 10) to base 11.
a01175
What is 4065402 (base 7) in base 14?
c9639
What is 52c95 (base 13) in base 7?
1161264
Convert -320221 (base 4) to base 7.
-13366
Convert 2633 (base 9) to base 12.
1186
Convert 20110120012 (base 3) to base 5.
13033011
11011210201111 (base 3) to base 5
1032022311
Convert 11043321 (base 5) to base 2.
10111100111000111
Convert -98243d (base 16) to base 11.
-56a0198
What is 43324231 (base 5) in base 10?
370566
-111111001111110001 (base 2) to base 11
-1676a7
117038 (base 10) to base 16
1c92e
What is 14293 (base 12) in base 15?
849c
Convert 212100330203 (base 4) to base 8.
46207443
What is 110101000110001 (base 2) in base 11?
19474
Convert -213bd1 (base 14) to base 10.
-1124635
What is 2241220134 (base 5) in base 16?
4ca5c1
Convert 1782622 (base 11) to base 10.
3019458
What is -1182707 (base 9) in base 6?
-21454054
1205638 (base 9) to base 11
407158
Convert -130195 (base 10) to base 11.
-898aa
Convert -1110101100111 (base 2) to base 13.
-3570
1309145 (base 10) to base 16
13f9d9
244355 (base 9) to base 11
a0948
Convert 1252511 (base 6) to base 14.
1b387
Convert 130003341 (base 5) to base 16.
98b3f
-1124045 (base 9) to base 3
-1010211001112
What is 11020201101210 (base 3) in base 6?
120221420
What is -61cc65 (base 14) in base 7?
-40025055
-4814655 (base 9) to base 7
-31111664
Convert 12103200202 (base 4) to base 8.
6234042
45844 (base 14) to base 6
3342244
Convert -34353531 (base 6) to base 2.
-100000010000100111111
What is -125972 (base 10) in base 11?
-86710
-22101122222000 (base 3) to base 12
-15b1a39
What is -100100000101111001 (base 2) in base 11?
-a1084
What is -100011000010001111011 (base 2) in base 6?
-40334535
What is 7a3a5 (base 15) in base 13?
108068
What is 101401212 (base 5) in base 12?
182530
Convert 1630762 (base 11) to base 8.
12472761
Convert 28a2591 (base 11) to base 4.
103000020323
Convert 303822 (base 9) to base 5.
21230002
Convert -110001001110101100 (base 2) to base 9.
-336538
-173a48 (base 12) to base 11
-254030
-19ac7 (base 16) to base 14
-2a475
What is -2101221 (base 6) in base 16?
-18c0d
What is 21606442 (base 8) in base 14?
892d34
Convert 204000 (base 7) to base 14.
ca70
Convert 3844738 (base 10) to base 4.
32222222002
What is 100011011121121 (base 3) in base 9?
10134547
Convert 263600 (base 8) to base 7.
532213
What is 289f0 (base 16) in base 4?
220213300
-1ba61a (base 15) to base 6
-44544211
-10101001100101 (base 2) to base 7
-43433
Convert -2431301020 (base 5) to base 9.
-11700623
Convert 4334120 (base 5) to base 4.
102020231
-11110011010101100111 (base 2) to base 15
-14a4c6
Convert 50010231 (base 6) to base 4.
11112003223
-3311032134 (base 5) to base 9
-14362566
e959e3 (base 15) to base 5
10320342423
What is 1403462 (base 11) in base 7?
26400204
101101100101011010 (base 2) to base 12
90076
-101000112221102 (base 3) to base 9
-11015842
Convert -321133202 (base 4) to base 8.
-713742
-11110011000100000 (base 2) to base 10
-124448
-d2b2 (base 14) to base 6
-435404
Convert 2420665 (base 7) to base 4.
1023013111
52a2641 (base 11) to base 13
1c18781
What is 44040030 (base 5) in base 4?
1130022223
-41844 (base 15) to base 4
-302231323
1a57 (base 15) to base 11
4319
120330122 (base 4) to base 12
4b162
-2080573 (base 10) to base 2
-111111011111100111101
What is -1000100110111000101010 (base 2) in base 3?
-11020122020100
Convert 23d91 (base 14) to base 11.
5aa13
Convert 415335 (base 15) to base 5.
1243340400
What is -148030 (base 11) in base 3?
-102200220111
-217574 (base 8) to base 10
-73596
What is -20324234 (base 5) in base 8?
-507024
1d19c (base 15) to base 13
3424b
-17843 (base 9) to base 2
-11000000111111
Convert 1000010010101110010 (base 2) to base 9.
453662
Convert 6705736 (base 9) to base 3.
20210012211020
54314 (base 14) to base 6
4210514
What is 210780 (base 9) in base 12?
60616
Convert 3e9832 (base 15) to base 12.
10171b5
1393492 (base 10) to base 11
871a51
Convert -11000111011001111 (base 2) to base 7.
-603440
What is 2100112111102 (base 3) in base 2?
100110001010100100101
What is 21259 (base 16) in base 15?
2a364
221213130 (base 4) to base 9
278740
-1ed786 (base 15) to base 10
-1513701
What is 112211201102 (base 4) in base 14?
b01a5c
10011111110011000111 (base 2) to base 13
19bbcb
What is -2430203 (base 6) in base 7?
-1043166
316a89 (base 11) to base 9
852530
What is 45523500 (base 7) in base 4?
33021312300
What is 3728a (base 14) in base 9?
225126
What is 1aa125 (base 12) in base 8?
1635055
What is 111020 (base 10) in base 8?
330654
2221220110002 (base 3) to base 10
1572779
Convert -42446602 (base 8) to base 2.
-100010100100110110000010
-116602 (base 10) to base 5
-12212402
-4025312 (base 6) to base 15
-3b642
What is 35a12 (base 15) in base 12?
82b75
Convert 155a01 (base 12) to base 7.
3040060
Convert -2754364 (base 9) to base 3.
-2211211102011
5224115 (base 7) to base 6
21243502
What is 1253714 (base 8) in base 4?
1111133030
-2232104 (base 10) to base 11
-1295016
What is 31505 (base 10) in base 16?
7b11
-4c182 (base 15) to base 4
-323122103
What is -11110101100000100101011 (base 2) in base 16?
-7ac12b
What is -3234654 (base 7) in base 2?
-1100000100011001101
Convert -117232 (base 9) to base 6.
-1304132
Convert 242d31 (base 15) to base 6.
101033431
Convert 5075382 (base 9) to base 16.
294e96
16074374 (base 9) to base 5
4023131033
What is 2254544 (base 6) in base 8?
343300
Convert -247119 (base 12) to base 15.
-ba9e9
Convert 320301031 (base 4) to base 12.
b2691
233411421 (base 5) to base 14
200113
Convert 5430a (base 14) to base 8.
615606
Convert -1141043 (base 6) to base 14.
-17b59
What is 10351124 (base 6) in base 16?
4bafc
What is 18245346 (base 9) in base 7?
141023631
What is 4835029 (base 10) in base 3?
100002122102011
Convert -10100100000111101 (base 2) to base 4.
-110200331
What is -23122213 (base 4) in base 8?
-133247
What is -112340244 (base 5) in base 10?
-511949
-2111112202 (base 3) to base 14
-13d33
What is -1212222120012 (base 3) in base 7?
-11346461
Convert 440423200 (base 5) to base 10.
1889175
What is 10121200100022 (base 3) in base 4?
13111121000
17140 (base 16) to base 15
1d01d
What is -b5cc5 (base 15) in base 4?
-2030301323
What is -2741a6 (base 14) in base 9?
-2485821
-83585 (base 11) to base 12
-5a5b7
-343871 (base 10) to base 11
-2153a0
5973a (base 12) to base 5
12322121
313242404 (base 5) to base 7
14046343
Convert 336275 (base 8) to base 5.
12120403
What is 50db50 (base 15) in base 14?
720896
Convert -11ca39 (base 13) to base 15.
-86c06
Convert -2d4b4c (base 14) to base 9.
-2880608
What is -232033130031 (base 4) in base 3?
-211210212002010
What is -20221221101 (base 3) in base 16?
-21730
Convert -1253204 (base 6) to base 4.
-100330210
What is -5255462 (base 7) in base 15?
-c85ce
Convert 253352 (base 8) to base 4.
111123222
What is 1b1de (base 15) in base 8?
254170
What is 51650 (base 13) in base 12?
70655
-8b115a (base 13) to base 11
-19455a2
Convert -b1321 (base 13) to base 4.
-1031113212
What is -165775 (base 12) in base 5?
-44223420
Convert 1301302233 (base 4) to base 12.
1a5893
What is -179196 (base 10) in base 2?
-101011101111111100
1065490 (base 10) to base 5
233043430
What is -12011212110 (base 3) in base 16?
-18e4c
What is 1055 (base 15) in base 6?
23555
What is -12202010001 (base 3) in base 2?
-11011100110110101
146145023 (base 7) to base 11
55896a7
289167 (base 10) to base 3
112200122220
Convert -ed01 (base 15) to base 7.
-266200
What is 1000011010101010101 (base 2) in base 3?
112000022201
What is 10000001110001101110110 (base 2) in base 15?
590024
Convert 30067360 (base 9) to base 15.
13e4bd3
Convert -54a343 (base 11) to base 4.
-3112033203
-3455612 (base 8) to base 12
-394636
Convert -22121010220 (base 3) to base 16.
-29511
Convert 11001000101011100010011 (base 2) to base 3.
110101002102112
What is 28cd18 (base 14) in base 7?
15025331
-39cb86 (base 16) to base 12
-1327b1a
What is 1a1568 (base 11) in base 8?
1134337
-353a48 (base 11) to base 3
-1001112101111
3021120 (base 4) to base 15
3c43
Convert -318000 (base 15) to base 14.
-45471c
5bbe9 (base 16) to base 7
3